08?
17
What is the highest common divisor of 1378580 and 1075?
215
Calculate the greatest common factor of 1052 and 789.
263
Calculate the highest common factor of 140 and 23926.
14
Calculate the greatest common factor of 9086 and 11522.
14
What is the highest common factor of 82 and 2197354?
82
What is the greatest common divisor of 12048 and 36?
12
What is the highest common divisor of 75 and 3610?
5
What is the highest common factor of 3393 and 1247?
29
Calculate the highest common divisor of 100 and 303350.
50
Calculate the highest common divisor of 471 and 4209798.
471
Calculate the greatest common divisor of 73671 and 39.
39
What is the greatest common divisor of 5760 and 270?
90
What is the highest common factor of 436935 and 15?
15
Calculate the greatest common factor of 3744 and 109044.
468
What is the greatest common factor of 715 and 140855?
715
Calculate the greatest common divisor of 1452 and 8844.
132
Calculate the highest common factor of 12913 and 3490.
349
What is the greatest common factor of 105 and 5950?
35
Calculate the greatest common divisor of 695316 and 12.
12
What is the highest common factor of 21 and 20535?
3
What is the highest common factor of 336 and 982016?
112
Calculate the highest common factor of 358112 and 589.
589
What is the highest common divisor of 19422 and 26?
26
What is the greatest common factor of 627555 and 85?
85
What is the greatest common divisor of 8 and 157?
1
Calculate the greatest common factor of 516 and 162196.
172
What is the greatest common divisor of 11 and 98527?
11
What is the greatest common divisor of 645 and 1239690?
645
Calculate the greatest common divisor of 404384 and 688.
16
Calculate the greatest common divisor of 139260 and 211.
211
What is the highest common factor of 233404 and 3096?
172
What is the greatest common factor of 15 and 56145?
15
What is the highest common factor of 562 and 77837?
281
What is the greatest common divisor of 784238 and 1302?
434
Calculate the greatest common divisor of 643237 and 35.
7
What is the highest common factor of 51692 and 24?
4
What is the greatest common divisor of 1316 and 90240?
188
Calculate the greatest common divisor of 1023 and 193595.
31
Calculate the greatest common divisor of 239420 and 10.
10
What is the highest common factor of 6498 and 208449?
171
What is the highest common factor of 29806 and 126?
14
What is the greatest common factor of 144 and 777?
3
What is the greatest common divisor of 1533 and 147606?
219
Calculate the highest common factor of 2000 and 16400.
400
What is the highest common divisor of 158614 and 426?
142
What is the greatest common factor of 2037 and 1817683?
679
Calculate the greatest common divisor of 236 and 1330804.
236
What is the highest common divisor of 5687520 and 2040?
2040
What is the greatest common factor of 222 and 72?
6
What is the greatest common factor of 489652 and 8476?
652
What is the highest common factor of 264 and 347402?
22
What is the highest common factor of 765 and 1035?
45
What is the greatest common factor of 113620 and 18772?
988
What is the highest common divisor of 2264 and 328?
8
Calculate the greatest common divisor of 27621 and 7316.
31
What is the highest common factor of 7596 and 780?
12
Calculate the highest common factor of 182 and 155519.
91
What is the greatest common factor of 240 and 199560?
120
What is the highest common factor of 3831 and 1?
1
What is the highest common divisor of 13535972 and 332?
332
What is the greatest common factor of 53841 and 34977?
393
What is the highest common factor of 8091 and 837?
279
Calculate the greatest common divisor of 657 and 4858077.
219
Calculate the greatest common factor of 16 and 16440.
8
What is the greatest common divisor of 21774 and 665?
19
Calculate the highest common factor of 21631 and 97.
97
What is the highest common divisor of 279944 and 896?
56
Calculate the highest common divisor of 100199 and 11.
11
Calculate the greatest common divisor of 72 and 93768.
24
What is the greatest common factor of 2782 and 73402?
214
Calculate the greatest common divisor of 2621 and 79.
1
What is the highest common factor of 52 and 94172?
52
Calculate the highest common factor of 44961 and 21.
21
What is the greatest common factor of 440 and 110495?
55
Calculate the highest common factor of 128 and 3124096.
128
What is the highest common divisor of 4012 and 1180?
236
Calculate the greatest common divisor of 148 and 9400.
4
Calculate the highest common divisor of 14991 and 9177.
57
What is the highest common factor of 150215 and 520?
65
What is the highest common divisor of 417950 and 1300?
650
What is the highest common factor of 30820 and 227700?
460
What is the highest common factor of 144 and 114840?
72
What is the greatest common divisor of 2871 and 41877?
99
Calculate the greatest common factor of 845 and 11505.
65
Calculate the greatest common factor of 224173 and 746.
373
What is the highest common divisor of 8302 and 4662?
14
What is the greatest common factor of 17703 and 504?
63
Calculate the highest common divisor of 8159060 and 2730.
910
What is the greatest common factor of 63 and 3453597?
63
Calculate the highest common divisor of 70275 and 100.
25
Calculate the greatest common factor of 30 and 369285.
15
Calculate the greatest common factor of 88252 and 132.
4
What is the highest common factor of 38634 and 3666?
282
What is the highest common factor of 350 and 5940?
10
What is the greatest common divisor of 25000 and 200?
200
What is the highest common divisor of 1359 and 81?
9
Calculate the highest common divisor of 72 and 1346472.
72
What is the highest common divisor of 524 and 63666?
262
What is the highest common divisor of 68600 and 3200?
200
Calculate the highest common factor of 2328 and 39.
3
Calculate the highest common factor of 38802 and 1827.
87
Calculate the greatest common divisor of 11060 and 15260.
140
What is the greatest common factor of 9383 and 231?
11
Calculate the greatest common factor of 81263 and 182.
91
What is the highest common divisor of 12008 and 6612?
76
What is the greatest common divisor of 512 and 14312?
8
Calculate the highest common factor of 23183 and 1067.
97
Calculate the highest common factor of 7206 and 6.
6
Calculate the greatest common divisor of 129 and 113133.
129
What is the greatest common divisor of 2802954 and 231?
231
What is the greatest common factor of 5298880 and 16?
16
What is the greatest common divisor of 4 and 134019?
1
Calculate the greatest common factor of 1588446 and 306.
306
Calculate the highest common factor of 6228 and 909.
9
What is the highest common divisor of 38 and 63878?
38
Calculate the highest common factor of 10220 and 1316.
28
Calculate the highest common factor of 340 and 201340.
20
What is the greatest common divisor of 4624 and 414137?
289
Calculate the greatest common divisor of 351680 and 19625.
785
What is the highest common divisor of 644 and 13132?
28
What is the highest common divisor of 673806 and 915?
183
Calculate the greatest common divisor of 5439 and 2793.
147
Calculate the highest common divisor of 712 and 576.
8
Calculate the greatest common factor of 578 and 249407.
289
Calculate the highest common factor of 46917 and 52.
13
What is the greatest common factor of 67564 and 684?
76
Calculate the highest common divisor of 279 and 18352.
31
Calculate the highest common divisor of 50 and 51650.
50
Calculate the highest common divisor of 24814 and 1026.
38
Calculate the greatest common factor of 33777 and 278.
139
What is the highest common factor of 22320 and 17484?
372
What is the highest common factor of 619650 and 39780?
1530
What is the greatest common factor of 10741932 and 1303?
1303
Calculate the greatest common factor of 870456 and 16.
8
Calculate the highest common divisor of 228549 and 2553.
111
What is the highest common divisor of 324 and 5346324?
324
Calculate the highest common divisor of 81 and 3070440.
27
What is the highest common factor of 105 and 168945?
105
Calculate the highest common divisor of 446364 and 1404.
108
Calculate the greatest common divisor of 34140 and 60.
60
Calculate the greatest common factor of 385 and 5269.
11
What is the highest common factor of 140 and 101668?
28
Calculate t